{"id":15,"date":"2023-04-23T12:32:11","date_gmt":"2023-04-23T11:32:11","guid":{"rendered":"https:\/\/oktoberfest-wangen.ch\/?page_id=15"},"modified":"2025-08-19T12:00:11","modified_gmt":"2025-08-19T11:00:11","slug":"ok-team","status":"publish","type":"page","link":"https:\/\/oktoberfest-wangen.ch\/?page_id=15","title":{"rendered":"\u00dcber uns"},"content":{"rendered":"\n<h2 class=\"wp-block-heading\">Feuerwehrverein Wangen-Nuolen<\/h2>\n\n\n\n<div class=\"wp-block-media-text is-stacked-on-mobile\" style=\"grid-template-columns:46% auto\"><figure class=\"wp-block-media-text__media\"><img loading=\"lazy\" decoding=\"async\" width=\"580\" height=\"542\" src=\"https:\/\/oktoberfest-wangen.ch\/wp-content\/uploads\/2023\/04\/FWVereinWangen.jpg\" alt=\"\" class=\"wp-image-75 size-full\" srcset=\"https:\/\/oktoberfest-wangen.ch\/wp-content\/uploads\/2023\/04\/FWVereinWangen.jpg 580w, https:\/\/oktoberfest-wangen.ch\/wp-content\/uploads\/2023\/04\/FWVereinWangen-300x280.jpg 300w\" sizes=\"auto, (max-width: 580px) 100vw, 580px\" \/><\/figure><div class=\"wp-block-media-text__content\">\n<p>Der Feuerwehrverein Wangen-Nuolen wurde am&nbsp;29. Januar 2005&nbsp;aus den beiden Feuerwehrvereinen Wangen und Nuolen fusioniert. Der Feuerwehrverein Wangen wurde im Jahre 1924 gegr\u00fcndet, die Gr\u00fcndung des Feuerwehrvereins Nuolen geht in das Jahr 1890 zur\u00fcck.<\/p>\n\n\n\n<p>Das&nbsp;Oktoberfest&nbsp;und die j\u00e4hrliche&nbsp;Beiz an der Kantonschilbi sind die&nbsp;Markenzeichen des Vereines.<\/p>\n<\/div><\/div>\n\n\n\n<div class=\"wp-block-buttons is-content-justification-center is-layout-flex wp-container-core-buttons-is-layout-16018d1d wp-block-buttons-is-layout-flex\">\n<div class=\"wp-block-button\"><a class=\"wp-block-button__link wp-element-button\" href=\"https:\/\/oktoberfest-wangen.ch\/?page_id=49\">Kontakt<\/a><\/div>\n<\/div>\n\n\n\n<h2 class=\"wp-block-heading\">OK-Team Oktoberfest<\/h2>\n\n\n\n<p>Deine Ansprechpartner rund um das Oktoberfest in Wangen SZ.<\/p>\n\n\n\n<div class=\"wp-block-media-text is-stacked-on-mobile\" style=\"grid-template-columns:15% auto\"><figure class=\"wp-block-media-text__media\"><img loading=\"lazy\" decoding=\"async\" width=\"200\" height=\"227\" src=\"https:\/\/oktoberfest-wangen.ch\/wp-content\/uploads\/2025\/04\/mk2025.jpg\" alt=\"\" class=\"wp-image-385 size-full\"\/><\/figure><div class=\"wp-block-media-text__content\">\n<p><strong>Marco K\u00e4lin<\/strong><\/p>\n\n\n\n<p>OK Pr\u00e4sident<\/p>\n<\/div><\/div>\n\n\n\n<div class=\"wp-block-media-text is-stacked-on-mobile\" style=\"grid-template-columns:15% auto\"><figure class=\"wp-block-media-text__media\"><img loading=\"lazy\" decoding=\"async\" width=\"200\" height=\"227\" src=\"https:\/\/oktoberfest-wangen.ch\/wp-content\/uploads\/2025\/04\/mm2025.jpg\" alt=\"\" class=\"wp-image-386 size-full\"\/><\/figure><div class=\"wp-block-media-text__content\">\n<p><strong>Markus M\u00e4chler<\/strong><\/p>\n\n\n\n<p>Festwirt<\/p>\n<\/div><\/div>\n\n\n\n<div class=\"wp-block-media-text is-stacked-on-mobile\" style=\"grid-template-columns:15% auto\"><figure class=\"wp-block-media-text__media\"><img loading=\"lazy\" decoding=\"async\" width=\"200\" height=\"227\" src=\"https:\/\/oktoberfest-wangen.ch\/wp-content\/uploads\/2025\/04\/av2025.jpg\" alt=\"\" class=\"wp-image-390 size-full\"\/><\/figure><div class=\"wp-block-media-text__content\">\n<p><strong>Andreas Vogt<\/strong><\/p>\n\n\n\n<p>Bauchef<\/p>\n<\/div><\/div>\n\n\n\n<div class=\"wp-block-media-text is-stacked-on-mobile\" style=\"grid-template-columns:15% auto\"><figure class=\"wp-block-media-text__media\"><img loading=\"lazy\" decoding=\"async\" width=\"1024\" height=\"1024\" src=\"https:\/\/oktoberfest-wangen.ch\/wp-content\/uploads\/2023\/05\/Luescher_Joel_Grey-1024x1024.jpg\" alt=\"\" class=\"wp-image-258 size-full\" srcset=\"https:\/\/oktoberfest-wangen.ch\/wp-content\/uploads\/2023\/05\/Luescher_Joel_Grey-1024x1024.jpg 1024w, https:\/\/oktoberfest-wangen.ch\/wp-content\/uploads\/2023\/05\/Luescher_Joel_Grey-300x300.jpg 300w, https:\/\/oktoberfest-wangen.ch\/wp-content\/uploads\/2023\/05\/Luescher_Joel_Grey-150x150.jpg 150w, https:\/\/oktoberfest-wangen.ch\/wp-content\/uploads\/2023\/05\/Luescher_Joel_Grey-768x768.jpg 768w, https:\/\/oktoberfest-wangen.ch\/wp-content\/uploads\/2023\/05\/Luescher_Joel_Grey-1536x1536.jpg 1536w, https:\/\/oktoberfest-wangen.ch\/wp-content\/uploads\/2023\/05\/Luescher_Joel_Grey-2048x2048.jpg 2048w\" sizes=\"auto, (max-width: 1024px) 100vw, 1024px\" \/><\/figure><div class=\"wp-block-media-text__content\">\n<p><strong>Joel L\u00fcscher<\/strong><\/p>\n\n\n\n<p>Finanzen \/ Ticketing<\/p>\n<\/div><\/div>\n\n\n\n<div class=\"wp-block-media-text is-stacked-on-mobile\" style=\"grid-template-columns:15% auto\"><figure class=\"wp-block-media-text__media\"><img loading=\"lazy\" decoding=\"async\" width=\"200\" height=\"227\" src=\"https:\/\/oktoberfest-wangen.ch\/wp-content\/uploads\/2025\/04\/ra2025-1.jpg\" alt=\"\" class=\"wp-image-388 size-full\"\/><\/figure><div class=\"wp-block-media-text__content\">\n<p><strong>Ramon Aebischer<\/strong><\/p>\n\n\n\n<p>OK Team<\/p>\n<\/div><\/div>\n\n\n\n<hr class=\"wp-block-separator has-alpha-channel-opacity\"\/>\n\n\n\n<h2 class=\"wp-block-heading\">Oktoberfest in den Medien<\/h2>\n\n\n\n<p>MarchAnzeiger vom 07.10.2024<\/p>\n\n\n\n<div data-wp-interactive=\"core\/file\" class=\"wp-block-file\"><object data-wp-bind--hidden=\"!state.hasPdfPreview\" hidden class=\"wp-block-file__embed\" data=\"https:\/\/oktoberfest-wangen.ch\/wp-content\/uploads\/2025\/08\/2024-10-07_MarchAnzeiger.pdf\" type=\"application\/pdf\" style=\"width:100%;height:600px\" aria-label=\"Einbettung von March Anzeiger vom 07.10.2024.\"><\/object><a id=\"wp-block-file--media-3088b6a8-5c85-4ddd-a528-b77d14a5e5a5\" href=\"https:\/\/oktoberfest-wangen.ch\/wp-content\/uploads\/2025\/08\/2024-10-07_MarchAnzeiger.pdf\">March Anzeiger vom 07.10.2024<\/a><a href=\"https:\/\/oktoberfest-wangen.ch\/wp-content\/uploads\/2025\/08\/2024-10-07_MarchAnzeiger.pdf\" class=\"wp-block-file__button wp-element-button\" download aria-describedby=\"wp-block-file--media-3088b6a8-5c85-4ddd-a528-b77d14a5e5a5\">Herunterladen<\/a><\/div>\n\n\n\n<hr class=\"wp-block-separator has-alpha-channel-opacity\"\/>\n\n\n\n<figure class=\"wp-block-gallery has-nested-images columns-4 is-cropped wp-block-gallery-1 is-layout-flex wp-block-gallery-is-layout-flex\">\n<figure class=\"wp-block-image size-medium\"><img loading=\"lazy\" decoding=\"async\" width=\"300\" height=\"200\" data-id=\"202\" src=\"https:\/\/oktoberfest-wangen.ch\/wp-content\/uploads\/2023\/04\/20221001030354-09c43369-me-300x200.jpg\" alt=\"\" class=\"wp-image-202\" srcset=\"https:\/\/oktoberfest-wangen.ch\/wp-content\/uploads\/2023\/04\/20221001030354-09c43369-me-300x200.jpg 300w, https:\/\/oktoberfest-wangen.ch\/wp-content\/uploads\/2023\/04\/20221001030354-09c43369-me.jpg 760w\" sizes=\"auto, (max-width: 300px) 100vw, 300px\" \/><\/figure>\n\n\n\n<figure class=\"wp-block-image size-medium\"><img loading=\"lazy\" decoding=\"async\" width=\"300\" height=\"200\" data-id=\"196\" src=\"https:\/\/oktoberfest-wangen.ch\/wp-content\/uploads\/2023\/04\/20221001030420-3da62af9-me-300x200.jpg\" alt=\"\" class=\"wp-image-196\" srcset=\"https:\/\/oktoberfest-wangen.ch\/wp-content\/uploads\/2023\/04\/20221001030420-3da62af9-me-300x200.jpg 300w, https:\/\/oktoberfest-wangen.ch\/wp-content\/uploads\/2023\/04\/20221001030420-3da62af9-me.jpg 760w\" sizes=\"auto, (max-width: 300px) 100vw, 300px\" \/><\/figure>\n\n\n\n<figure class=\"wp-block-image size-medium\"><img loading=\"lazy\" decoding=\"async\" width=\"300\" height=\"200\" data-id=\"197\" src=\"https:\/\/oktoberfest-wangen.ch\/wp-content\/uploads\/2023\/04\/20221001030410-6429f391-me-300x200.jpg\" alt=\"\" class=\"wp-image-197\" srcset=\"https:\/\/oktoberfest-wangen.ch\/wp-content\/uploads\/2023\/04\/20221001030410-6429f391-me-300x200.jpg 300w, https:\/\/oktoberfest-wangen.ch\/wp-content\/uploads\/2023\/04\/20221001030410-6429f391-me.jpg 760w\" sizes=\"auto, (max-width: 300px) 100vw, 300px\" \/><\/figure>\n\n\n\n<figure class=\"wp-block-image size-medium\"><img loading=\"lazy\" decoding=\"async\" width=\"300\" height=\"200\" data-id=\"198\" src=\"https:\/\/oktoberfest-wangen.ch\/wp-content\/uploads\/2023\/04\/20221001030109-3c573e63-me-300x200.jpg\" alt=\"\" class=\"wp-image-198\" srcset=\"https:\/\/oktoberfest-wangen.ch\/wp-content\/uploads\/2023\/04\/20221001030109-3c573e63-me-300x200.jpg 300w, https:\/\/oktoberfest-wangen.ch\/wp-content\/uploads\/2023\/04\/20221001030109-3c573e63-me.jpg 760w\" sizes=\"auto, (max-width: 300px) 100vw, 300px\" \/><\/figure>\n<\/figure>\n","protected":false},"excerpt":{"rendered":"<p>Feuerwehrverein Wangen-Nuolen Der Feuerwehrverein Wangen-Nuolen wurde am&nbsp;29. Januar 2005&nbsp;aus den beiden Feuerwehrvereinen Wangen und Nuolen fusioniert. Der Feuerwehrverein Wangen wurde im Jahre 1924 gegr\u00fcndet, die Gr\u00fcndung des Feuerwehrvereins Nuolen geht in das Jahr 1890 zur\u00fcck. Das&nbsp;Oktoberfest&nbsp;und die j\u00e4hrliche&nbsp;Beiz an der Kantonschilbi sind die&nbsp;Markenzeichen des Vereines. OK-Team Oktoberfest Deine Ansprechpartner rund um das Oktoberfest in Wangen &hellip;<\/p>\n","protected":false},"author":1,"featured_media":0,"parent":0,"menu_order":0,"comment_status":"closed","ping_status":"closed","template":"","meta":{"footnotes":""},"class_list":["post-15","page","type-page","status-publish","hentry"],"_links":{"self":[{"href":"https:\/\/oktoberfest-wangen.ch\/index.php?rest_route=\/wp\/v2\/pages\/15","targetHints":{"allow":["GET"]}}],"collection":[{"href":"https:\/\/oktoberfest-wangen.ch\/index.php?rest_route=\/wp\/v2\/pages"}],"about":[{"href":"https:\/\/oktoberfest-wangen.ch\/index.php?rest_route=\/wp\/v2\/types\/page"}],"author":[{"embeddable":true,"href":"https:\/\/oktoberfest-wangen.ch\/index.php?rest_route=\/wp\/v2\/users\/1"}],"replies":[{"embeddable":true,"href":"https:\/\/oktoberfest-wangen.ch\/index.php?rest_route=%2Fwp%2Fv2%2Fcomments&post=15"}],"version-history":[{"count":20,"href":"https:\/\/oktoberfest-wangen.ch\/index.php?rest_route=\/wp\/v2\/pages\/15\/revisions"}],"predecessor-version":[{"id":444,"href":"https:\/\/oktoberfest-wangen.ch\/index.php?rest_route=\/wp\/v2\/pages\/15\/revisions\/444"}],"wp:attachment":[{"href":"https:\/\/oktoberfest-wangen.ch\/index.php?rest_route=%2Fwp%2Fv2%2Fmedia&parent=15"}],"curies":[{"name":"wp","href":"https:\/\/api.w.org\/{rel}","templated":true}]}}